5, what is -4 - -13312?
13303
In base 11, what is -3 + -216?
-219
In base 3, what is -2212 - 12?
-10001
In base 13, what is 2 - -46a?
46c
In base 16, what is 1f9 - -2?
1fb
In base 9, what is 4 - 142?
-137
In base 4, what is 10 - 1?
3
In base 7, what is 0 - 1104?
-1104
In base 9, what is -140 + 7?
-132
In base 12, what is 4 + -2?
2
In base 4, what is 2 - 101313?
-101311
In base 14, what is -3 + -43?
-46
In base 16, what is 3aa + 2?
3ac
In base 13, what is 95 + b?
a3
In base 3, what is -2 + 100020?
100011
In base 8, what is 4 - -714?
720
In base 9, what is -44 + 13?
-31
In base 2, what is -10111 + -101?
-11100
In base 15, what is 4 + -3?
1
In base 4, what is -11 - 1300?
-1311
In base 10, what is 2 + 485?
487
In base 8, what is -11 + 103?
72
In base 8, what is 11055 - -3?
11060
In base 15, what is -bc - 0?
-bc
In base 14, what is -7 - 4?
-b
In base 13, what is 69c - -5?
6a4
In base 7, what is 5 + 243?
251
In base 15, what is 3 - -2a2?
2a5
In base 6, what is 213 + -1?
212
In base 12, what is -5 - -16a?
165
In base 10, what is 0 - 119?
-119
In base 7, what is 2441 + 3?
2444
In base 15, what is -2a6 + -3?
-2a9
In base 2, what is -10000000011 + -1?
-10000000100
In base 12, what is 1a + -16?
4
In base 10, what is -9249 + 1?
-9248
In base 2, what is 100 - 110001101?
-110001001
In base 10, what is -1469 + 13?
-1456
In base 12, what is -13 - -23?
10
In base 9, what is -262 + 40?
-222
In base 15, what is -4ad - 5?
-4b3
In base 4, what is -231 - -30?
-201
In base 11, what is -5a4 - 6?
-5aa
In base 6, what is 2013 - 2?
2011
In base 10, what is -5 + 327?
322
In base 13, what is 3 - 1?
2
In base 16, what is -14 - -228?
214
In base 4, what is 1133 - -1101?
2300
In base 4, what is 10 + -23123?
-23113
In base 7, what is 22 - 223?
-201
In base 3, what is -1022 - 100112?
-101211
In base 7, what is 3505 + -3?
3502
In base 15, what is 12 - -2?
14
In base 6, what is -1 - -2110?
2105
In base 11, what is -4 - -5?
1
In base 9, what is 307 - 3?
304
In base 7, what is -4 - 2024?
-2031
In base 8, what is -10 - 66?
-76
In base 10, what is -28 + -376?
-404
In base 12, what is 21 + -a?
13
In base 5, what is 44 - -12?
111
In base 13, what is cb - -5?
103
In base 9, what is 1063 + 2?
1065
In base 7, what is 4 + 22?
26
In base 10, what is -2 + 31?
29
In base 4, what is 201201 - 10?
201131
In base 13, what is -1b2 - 9?
-1bb
In base 7, what is 230 - 3?
224
In base 10, what is 9 + 495?
504
In base 4, what is 3 - -133111?
133120
In base 14, what is 1 + 59?
5a
In base 15, what is 7 + -16?
-e
In base 5, what is -133 - -103?
-30
In base 11, what is -148 - 20?
-168
In base 4, what is -1 - -30223?
30222
In base 5, what is -114 + 2?
-112
In base 14, what is -3 - -c1?
bc
In base 6, what is -335 + -15?
-354
In base 2, what is -101 - -1110110?
1110001
In base 2, what is -11 + -1111010111?
-1111011010
In base 15, what is 2 + 212?
214
In base 5, what is -102201 + -2?
-102203
In base 4, what is -1 + 1210?
1203
In base 8, what is -4 - -63?
57
In base 16, what is c + -6?
6
In base 11, what is -4 - 12?
-16
In base 2, what is 1000 + -11010?
-10010
In base 3, what is 120100 + -2?
120021
In base 9, what is 0 - 68?
-68
In base 14, what is -3 - -2?
-1
In base 7, what is 155 - -1?
156
In base 14, what is -99 - 4?
-9d
In base 10, what is -2 - 790?
-792
In base 9, what is 1 + 404?
405
In base 16, what is 2 + -25?
-23
In base 2, what is 100010111000100 + -10?
100010111000010
In base 16, what is 19 - -2?
1b
In base 6, what is -1015 - -3?
-1012
In base 16, what is 2dd - 4?
2d9
In base 2, what is 10110 + -100000?
-1010
In base 14, what is 2 + -1d?
-1b
In base 7, what is -14 - 66?
-113
In base 12, what is 178b + 5?
1794
In base 9, what is 142 - -24?
166
In base 14, what is 3 + -12?
-d
In base 16, what is -8f - -4?
-8b
In base 10, what is 5 - 227?
-222
In base 12, what is 47 + 64?
ab
In base 7, what is 54 + -6?
45
In base 8, what is -5 + 71?
64
In base 16, what is eea + -5?
ee5
In base 6, what is 2553 + -1?
2552
In base 2, what is -100 - 10111101?
-11000001
In base 11, what is -3442 - -3?
-343a
In base 4, what is 1030 - -2301?
3331
In base 12, what is 28 - 78?
-50
In base 11, what is -2 - 53?
-55
In base 12, what is -42 - 52?
-94
In base 11, what is -4a - 9?
-58
In base 5, what is 42330 - 4?
42321
In base 15, what is -7 - 10?
-17
In base 10, what is 1274 - -11?
1285
In base 12, what is -4a6 - -7?
-49b
In base 14, what is -3 + -669?
-66c
In base 15, what is 82 + a?
8c
In base 16, what is 540 + -1?
53f
In base 14, what is 2a - 45?
-19
In base 8, what is 7 - 3?
4
In base 12, what is 190 + 4?
194
In base 13, what is -39 + 4?
-35
In base 5, what is -4 + 13?
4
In base 8, what is 446 + 20?
466
In base 11, what is -3 + aa?
a7
In base 4, what is -303 + 21?
-222
In base 3, what is 112000 + -1?
111222
In base 9, what is -5 - 6?
-12
In base 16, what is -2a8 - 0?
-2a8
In base 3, what is 202 + -2?
200
In base 15, what is -8 - -1e?
16
In base 12, what is -427 + 0?
-427
In base 7, what is -53 + 2?
-51
In base 10, what is -4715 - 4?
-4719
In base 15, what is 2 - -2105?
2107
In base 8, what is -342 + 1?
-341
In base 7, what is 400 + 3?
403
In base 11, what is -4356 + -5?
-4360
In base 6, what is 1 + -12051?
-12050
In base 4, what is 103 - -2212?
2321
In base 3, what is -201 - 121002?
-121210
In base 10, what is -54 + 7?
-47
In base 12, what is 9a + -11?
89
In base 16, what is 1d - -4?
21
In base 13, what is 454 - -4?
458
In base 11, what is -3 - -383?
380
In base 14, what is -4 + -c2?
-c6
In base 4, what is -11 + 200?
123
In base 8, what is 1167 + -2?
1165
In base 15, what is 3213 - -2?
3215
In base 15, what is -10 + -1?
-11
In base 2, what is -1100001001 + 1?
-1100001000
In base 8, what is -6 + -53?
-61
In base 16, what is -66 - -f4?
8e
In base 9, what is -681 + 2?
-678
In base 12, what is 3 - 136?
-133
In base 4, what is 23 - -230?
313
In base 3, what is 11 - 112?
-101
In base 5, what is -2 + -3411?
-3413
In base 7, what is 4226 - -1?
4230
In base 3, what is -12 + 2212?
2200
In base 10, what is -523 - 3?
-526
In base 3, what is 1 - -2102212?
2102220
In base 11, what is -150 + 0?
-150
In base 4, what is 121 - -112?
233
In base 13, what is 3 + c9c?
ca2
In base 16, what is 0 + -64?
-64
In base 5, what is -114 + -4?
-123
In base 8, what is 15 - 2022?
-2005
In base 12, what is 4 + -134?
-130
In base 15, what is 6 - be?
-b8
In base 9, what is -22 + 35?
13
In base 16, what is -15 + -210?
-225
In base 7, what is -501 - -31?
-440
In base 15, what is -4 - -6a1?
69c
In base 5, what is -133 + 1?
-132
In base 13, what is -6 + -18b?
-194
In base 8, what is -1 + -2204?
-2205
In base 14, what is 218 + 2?
21a
In base 3, what is -10021 - -212?
-2102
In base 4, what is 11 + -21013?
-21002
In base 6, what is 251 - 22?
225
In base 9, what is 132 - 0?
132
In base 2, what is 11 - -1000010?
1000101
In base 10, what is 222 - -13?
235
In base 2, what is 10001 - -1100?
11101
In base 9, what is -3468 - 2?
-3471
In base 6, what is -4 - -34?
30
In base 14, what is 1 - b2c?
-b2b
In base 3, what is -2 + 121?
112
In base 6, what is 3254 + 4?
3302
In base 15, what is 5e3 - -8?
5eb
In base 9, what is 5080 + -4?
5075
In base 14, what is 8d5 - 4?
8d1
In base 15, what is -166 - -4?
-162
In base 14, what is 3a - -6b?
a7
In base 14, what is -1cc - -4?
-1c8
In base 12, what is -2 - -110?
10a
In base 16, what is -3 - 404?
-407
In base 6, what is -504 + -4?
-512
In base 3, what is -22 - -211020?
210221
In base 15, what is -1 - 30d?
-30e
In base 5, what is -1 + -1321?
-1322
In base 3, what is -1100 + -1021?
-2121
In base 6, what is -4133 - 15?
-4152
In base 15, what is -64 - 2c?
-91
In base 11, what is -5 + 117?
112
In base 9, what is -4 - 442?
-446
In base 6, what is -1 - 121?
-122
In base 3, what is 101 + 1211?
2012
In base 7, what is -40 + 11?
-26
In base 5, what is -443 + 0?
-443
In base 16, what is -3 - 2f?
-32
In base 12, what is -5 + -a2?
-a7
In base 5, what is -21423 + -3?
-21431
In base 11, what is 45 - -9?
53
In base 7, what is 50 + -3350?
-3300
In base 12, what is -5 + 23?
1a
In base 7, what is 34 - 34?
0
In base 9, what is -1420 - -2?
-1417
In base 11, what is 27 + -17?
10
In base 11, what is -41 + 3?
-39
In base 10, what is -464 + 2?
-462
In base 3, what is 112 - -2?
121
In base 11, what is 2171 - -1?
2172
In base 8, what is -1 - -177?
176
In base 5, w